er when 7131 is divided by 512?
475
Calculate the remainder when 9162 is divided by 410.
142
What is the remainder when 4585 is divided by 31?
28
Calculate the remainder when 536106 is divided by 17.
11
Calculate the remainder when 57449 is divided by 215.
44
What is the remainder when 64995 is divided by 4062?
3
What is the remainder when 14717 is divided by 31?
23
What is the remainder when 11599 is divided by 100?
99
What is the remainder when 4009 is divided by 249?
25
Calculate the remainder when 136481 is divided by 1869.
44
Calculate the remainder when 8408 is divided by 102.
44
Calculate the remainder when 1426 is divided by 72.
58
What is the remainder when 1109071 is divided by 55?
51
What is the remainder when 7731 is divided by 775?
756
Calculate the remainder when 2065 is divided by 684.
13
Calculate the remainder when 14701 is divided by 1459.
111
What is the remainder when 6849 is divided by 529?
501
Calculate the remainder when 1944 is divided by 54.
0
Calculate the remainder when 1271807 is divided by 96.
95
What is the remainder when 17506 is divided by 170?
166
What is the remainder when 120815 is divided by 20132?
23
Calculate the remainder when 27904 is divided by 405.
364
What is the remainder when 172951 is divided by 448?
23
Calculate the remainder when 195742 is divided by 27962.
8
What is the remainder when 133694 is divided by 89?
16
What is the remainder when 3577165 is divided by 112?
109
Calculate the remainder when 168951 is divided by 160.
151
What is the remainder when 21668 is divided by 473?
383
What is the remainder when 3442 is divided by 72?
58
What is the remainder when 1966872 is divided by 749?
747
What is the remainder when 44227 is divided by 38?
33
Calculate the remainder when 28110 is divided by 3123.
3
What is the remainder when 16015 is divided by 5323?
46
What is the remainder when 87310 is divided by 204?
202
What is the remainder when 3492 is divided by 158?
16
Calculate the remainder when 193986 is divided by 513.
72
Calculate the remainder when 308679 is divided by 9.
6
What is the remainder when 23419 is divided by 66?
55
Calculate the remainder when 2593 is divided by 88.
41
What is the remainder when 3589 is divided by 2659?
930
Calculate the remainder when 560853 is divided by 1016.
21
Calculate the remainder when 39657 is divided by 37.
30
Calculate the remainder when 5143 is divided by 161.
152
What is the remainder when 8434 is divided by 30?
4
Calculate the remainder when 90990 is divided by 40.
30
What is the remainder when 4305 is divided by 287?
0
What is the remainder when 4409 is divided by 332?
93
What is the remainder when 763 is divided by 16?
11
What is the remainder when 58869 is divided by 412?
365
What is the remainder when 22678 is divided by 90?
88
Calculate the remainder when 414 is divided by 20.
14
What is the remainder when 3079 is divided by 12?
7
What is the remainder when 11563 is divided by 14?
13
What is the remainder when 10073 is divided by 1898?
583
What is the remainder when 6294 is divided by 571?
13
What is the remainder when 11619 is divided by 114?
105
Calculate the remainder when 906343 is divided by 818.
817
What is the remainder when 7859 is divided by 2922?
2015
What is the remainder when 1415 is divided by 548?
319
Calculate the remainder when 4415 is divided by 2204.
7
Calculate the remainder when 251382 is divided by 1533.
1503
Calculate the remainder when 1544442 is divided by 315.
312
What is the remainder when 63957 is divided by 195?
192
Calculate the remainder when 126132 is divided by 126.
6
What is the remainder when 2038 is divided by 226?
4
Calculate the remainder when 3771 is divided by 1240.
51
What is the remainder when 28351 is divided by 53?
49
Calculate the remainder when 6325 is divided by 2108.
1
Calculate the remainder when 6508 is divided by 22.
18
What is the remainder when 16369 is divided by 1018?
81
What is the remainder when 33760 is divided by 42?
34
Calculate the remainder when 5836 is divided by 215.
31
Calculate the remainder when 168130 is divided by 2849.
39
What is the remainder when 2422 is divided by 1159?
104
Calculate the remainder when 7106 is divided by 22.
0
What is the remainder when 4783 is divided by 32?
15
What is the remainder when 72936 is divided by 752?
744
What is the remainder when 10576316 is divided by 30?
26
What is the remainder when 10183 is divided by 599?
0
Calculate the remainder when 225189 is divided by 8659.
55
What is the remainder when 24898 is divided by 1658?
28
What is the remainder when 190330 is divided by 95160?
10
Calculate the remainder when 138939 is divided by 837.
834
What is the remainder when 18948 is divided by 787?
60
Calculate the remainder when 104040 is divided by 82.
64
Calculate the remainder when 4529 is divided by 899.
34
What is the remainder when 4350 is divided by 2166?
18
What is the remainder when 1576529 is divided by 777?
773
What is the remainder when 851 is divided by 240?
131
What is the remainder when 1785 is divided by 503?
276
What is the remainder when 1291 is divided by 1281?
10
Calculate the remainder when 26765 is divided by 51.
41
What is the remainder when 3586 is divided by 2299?
1287
What is the remainder when 123774 is divided by 93?
84
Calculate the remainder when 12627 is divided by 54.
45
What is the remainder when 1043 is divided by 1025?
18
What is the remainder when 25722 is divided by 59?
57
Calculate the remainder when 7071 is divided by 3532.
7
Calculate the remainder when 1464 is divided by 532.
400
What is the remainder when 311 is divided by 39?
38
What is the remainder when 505320 is divided by 50532?
0
What is the remainder when 29874 is divided by 1248?
1170
What is the remainder when 6969 is divided by 3432?
105
Calculate the remainder when 3094 is divided by 163.
160
Calculate the remainder when 347309 is divided by 15.
14
What is the remainder when 126686 is divided by 63331?
24
Calculate the remainder when 1826 is divided by 369.
350
Calculate the remainder when 4481619 is divided by 143.
142
What is the remainder when 12154 is divided by 49?
2
What is the remainder when 24588 is divided by 436?
172
Calculate the remainder when 111359 is divided by 2716.
3
Calculate the remainder when 140569 is divided by 7.
2
Calculate the remainder when 821 is divided by 84.
65
What is the remainder when 6749 is divided by 2084?
497
Calculate the remainder when 2165699 is divided by 451.
448
What is the remainder when 1281 is divided by 113?
38
What is the remainder when 1034 is divided by 460?
114
What is the remainder when 6334 is divided by 1250?
84
What is the remainder when 141119 is divided by 72?
71
Calculate the remainder when 232934 is divided by 77633.
35
What is the remainder when 8173 is divided by 84?
25
What is the remainder when 920 is divided by 436?
48
What is the remainder when 1544 is divided by 5?
4
What is the remainder when 5100 is divided by 1224?
204
Calculate the remainder when 903669 is divided by 21.
18
What is the remainder when 1256148 is divided by 35?
33
Calculate the remainder when 1552 is divided by 14.
12
Calculate the remainder when 306255 is divided by 171.
165
What is the remainder when 4935 is divided by 198?
183
Calculate the remainder when 18025 is divided by 3601.
20
What is the remainder when 8086269 is divided by 12?
9
What is the remainder when 42971 is divided by 34?
29
Calculate the remainder when 820 is divided by 51.
4
What is the remainder when 764487 is divided by 538?
527
What is the remainder when 4121 is divided by 187?
7
Calculate the remainder when 202315 is divided by 67437.
4
Calculate the remainder when 4856 is divided by 408.
368
Calculate the remainder when 3910 is divided by 24.
22
Calculate the remainder when 5016 is divided by 58.
28
What is the remainder when 110370 is divided by 37?
36
Calculate the remainder when 439 is divided by 318.
121
What is the remainder when 4308 is divided by 65?
18
Calculate the remainder when 1902 is divided by 68.
66
Calculate the remainder when 86998 is divided by 201.
166
Calculate the remainder when 28933 is divided by 11.
3
What is the remainder when 2471 is divided by 357?
329
What is the remainder when 33454 is divided by 405?
244
Calcu